?
-211202
In base 6, what is 4334310 + 1?
4334311
In base 16, what is -38f4 + -a7?
-399b
In base 14, what is 184 - -2278?
241c
In base 10, what is 3 + -453224?
-453221
In base 8, what is 11 + 13353?
13364
In base 8, what is 14032 - 5?
14025
In base 15, what is 4 - -17590?
17594
In base 8, what is -12446 - 57?
-12525
In base 3, what is 22121201210 + 0?
22121201210
In base 16, what is 105db - 1?
105da
In base 7, what is -2 + -20140?
-20142
In base 15, what is -4268 - -b?
-425c
In base 13, what is 7 + -123a?
-1233
In base 15, what is -b9 - 2?
-bb
In base 16, what is ab - 4e4d?
-4da2
In base 2, what is -1010010001001 + -100000?
-1010010101001
In base 5, what is 242 + -234414?
-234122
In base 12, what is 378 - 1a08?
-1650
In base 11, what is 80 - -439?
509
In base 14, what is -376a + -3?
-376d
In base 16, what is -1c + 458?
43c
In base 16, what is 5966a + 7?
59671
In base 13, what is 54 - -4063?
40b7
In base 8, what is -516 - -330?
-166
In base 16, what is -3 - 15ca6?
-15ca9
In base 10, what is 3 - -165937?
165940
In base 6, what is -11 - 32553?
-33004
In base 14, what is 26c + -1d?
24d
In base 12, what is 3a0 + 127?
507
In base 2, what is -111111001000100 - -10?
-111111001000010
In base 10, what is -3302 + 199?
-3103
In base 4, what is -30100 + -1310?
-32010
In base 13, what is -173 - -a9?
-97
In base 12, what is 0 - -5655?
5655
In base 2, what is 110011010100110 + 1010?
110011010110000
In base 10, what is 4 - 17443?
-17439
In base 10, what is -3 - 167483?
-167486
In base 10, what is 70 + 94?
164
In base 9, what is 4 - -13586?
13601
In base 13, what is 0 + -51b8?
-51b8
In base 13, what is 6c1 + 666?
1057
In base 11, what is -40 + -42545?
-42585
In base 8, what is -3 - -45777?
45774
In base 9, what is 2 + -101703?
-101701
In base 13, what is -13 - -ccb?
cb8
In base 12, what is -12537 - -1?
-12536
In base 15, what is -31 - -b20?
ade
In base 3, what is -1102 + 20212?
12110
In base 4, what is -1003001 - 1311?
-1010312
In base 11, what is 8343 + a7?
843a
In base 11, what is -9 + 8917?
8909
In base 4, what is -100 - 21202012?
-21202112
In base 12, what is 2a6 - 39b?
-b5
In base 3, what is 21000022 + -22210?
20200112
In base 9, what is -2 + 10884?
10882
In base 12, what is 475 + -5a?
417
In base 8, what is 53257 - 0?
53257
In base 15, what is -18 - 3c6?
-3de
In base 9, what is -1742744 + -2?
-1742746
In base 10, what is 296384 - 0?
296384
In base 10, what is 36 + -1848?
-1812
In base 5, what is 23024 - 40?
22434
In base 15, what is -9c - -653?
5a6
In base 12, what is -8937b4 + 1?
-8937b3
In base 10, what is 212174 + 10?
212184
In base 11, what is 4 + -2a482?
-2a479
In base 12, what is -5 + -7171?
-7176
In base 4, what is -31211 - 22100?
-113311
In base 2, what is 10011110010001000 - -1100?
10011110010010100
In base 5, what is 4042232021 + -3?
4042232013
In base 13, what is 854 - -52?
8a6
In base 11, what is 8 + -2175?
-2168
In base 4, what is 12 - 302032112?
-302032100
In base 3, what is -11101 - 211022?
-222200
In base 12, what is -46 - -12a?
a4
In base 7, what is -4302256 - 5?
-4302264
In base 6, what is 205 - 323?
-114
In base 15, what is 2c + 17915?
17942
In base 16, what is -17 + bf73?
bf5c
In base 12, what is -1198b2 - 0?
-1198b2
In base 3, what is 110111200 - -112?
110112012
In base 4, what is 0 + -310210001?
-310210001
In base 10, what is 468 + -28?
440
In base 11, what is 22a + -20?
20a
In base 2, what is 111110 + 110001010001?
110010001111
In base 11, what is 112419 + 0?
112419
In base 6, what is -1 + 351511?
351510
In base 9, what is 184 + 1217?
1412
In base 15, what is 28e980 - 1?
28e97e
In base 8, what is 106 + 220?
326
In base 5, what is 1214334 + 4?
1214343
In base 14, what is c9 - 22?
a7
In base 3, what is 10 - 10110022122?
-10110022112
In base 8, what is -623 - -11?
-612
In base 4, what is 20033 - -2102?
22201
In base 3, what is -100020011200 + -11?
-100020011211
In base 8, what is -3006 - 56?
-3064
In base 13, what is 2c - -a683?
a6b2
In base 2, what is 10 + 10111010100101001?
10111010100101011
In base 12, what is 10b - 2341?
-2232
In base 4, what is 11 + -23323101?
-23323030
In base 13, what is -794c + 5?
-7947
In base 2, what is -10 + -1000010111?
-1000011001
In base 9, what is -13027 - -7?
-13020
In base 8, what is -53 - -61?
6
In base 5, what is -413 + 123210?
122242
In base 15, what is 2d1e6 + -1?
2d1e5
In base 2, what is -1001111100100011 - -111?
-1001111100011100
In base 14, what is 21ad + 44?
2213
In base 6, what is -1 + -334520?
-334521
In base 9, what is 47822 - 1?
47821
In base 3, what is 2001 - -22210200?
22212201
In base 3, what is -1212221 - 22?
-1220020
In base 7, what is -546616 - 3?
-546622
In base 2, what is -110 + 10000110000001?
10000101111011
In base 2, what is -1001110000 - 1000010110?
-10010000110
In base 13, what is 6373c + -1?
6373b
In base 8, what is -5527 + -12?
-5541
In base 16, what is -51f83b - 4?
-51f83f
In base 4, what is 102132120 + 1?
102132121
In base 8, what is 6302 + -1?
6301
In base 2, what is 101010100011010 - 1000?
101010100010010
In base 4, what is -121323320 - 11?
-121323331
In base 5, what is 43021 - -23?
43044
In base 14, what is 90a0d - 1?
90a0c
In base 4, what is -2 + 311200223?
311200221
In base 16, what is 29931 + 0?
29931
In base 10, what is -100674 + 5?
-100669
In base 15, what is -1b6 - 42?
-208
In base 7, what is -3 - 6301?
-6304
In base 7, what is 4024 + -50?
3644
In base 10, what is 7 - -19774?
19781
In base 4, what is 12313 - -11131?
30110
In base 16, what is df3 + 1?
df4
In base 16, what is -1 - -a562?
a561
In base 13, what is -13 - -719?
706
In base 15, what is -8b - -22?
-69
In base 8, what is -51675 + 0?
-51675
In base 3, what is -10222 - 2000002?
-2011001
In base 2, what is 110000111001111 - -10?
110000111010001
In base 12, what is -280 + bb2?
932
In base 12, what is -5 + -235221?
-235226
In base 9, what is 401200 + -2?
401187
In base 6, what is 4 + -352230?
-352222
In base 13, what is -4cc1 - -3c?
-4c82
In base 7, what is 233434 - -2?
233436
In base 7, what is 2 + 35115?
35120
In base 9, what is 77778 + -45?
77733
In base 8, what is 3 - -143320?
143323
In base 12, what is -65988 + -6?
-65992
In base 8, what is 346 + -1322?
-754
In base 2, what is -10110011011 + 1100101011?
-1001110000
In base 12, what is a088 + -57?
a031
In base 14, what is 24 - -1b2b?
1b51
In base 9, what is -5 + 43366?
43361
In base 7, what is -4524 - -121?
-4403
In base 9, what is 1 - 24561?
-24560
In base 16, what is 8 - -837a8?
837b0
In base 11, what is -1 - 443a38?
-443a39
In base 15, what is 333c63 - -2?
333c65
In base 7, what is -2334 - -256?
-2045
In base 8, what is 330 + -3166?
-2636
In base 11, what is 1508 - -17?
1524
In base 8, what is -1717260 + 4?
-1717254
In base 7, what is -31 - -221?
160
In base 4, what is -1133113 - -20031?
-1113022
In base 8, what is -123414 - 301?
-123715
In base 15, what is 21 + -2048?
-2027
In base 15, what is -1cd + -12cc?
-14aa
In base 3, what is -12 - 20000120?
-20000202
In base 9, what is 14753 - -27?
14781
In base 7, what is -2 + -2113422?
-2113424
In base 13, what is -958 - -51?
-907
In base 10, what is -5 + 166628?
166623
In base 7, what is 4424440 + 3?
4424443
In base 5, what is -4 + 113040?
113031
In base 6, what is 3 + -250555?
-250552
In base 5, what is -3 - -13340300?
13340242
In base 4, what is -3200 - 13113?
-22313
In base 11, what is -1 - -82a2?
82a1
In base 5, what is -2244211 + -33?
-2244244
In base 4, what is 11332222210 + -10?
11332222200
In base 9, what is 7644 + -18?
7625
In base 4, what is -100233 + 10?
-100223
In base 5, what is -11201124 + 4?
-11201120
In base 14, what is -4 - -c2dd?
c2d9
In base 15, what is -1a7b9 - -1?
-1a7b8
In base 5, what is -123430 + -100?
-124030
In base 10, what is 8 + -6329?
-6321
In base 11, what is 1 - 1a01?
-1a00
In base 8, what is -245 + -217?
-464
In base 7, what is -11344 + -1115?
-12462
In base 3, what is 2 - 10022012?
-10022010
In base 2, what is -1001 - 100100111000101001?
-100100111000110010
In base 3, what is 1212 - 1120?
22
In base 7, what is -10 - -4331305?
4331265
In base 7, what is 1 + 221256?
221260
In base 9, what is -64655 - -51?
-64604
In base 2, what is -110 + 11000110000110?
11000110000000
In base 16, what is 262 + -406?
-1a4
In base 5, what is -3434033 + 11?
-3434022
In base 3, what is -11100002